{"id":3705,"date":"2023-07-21T12:49:51","date_gmt":"2023-07-21T17:49:51","guid":{"rendered":"https:\/\/orjuelamotors.com\/?product=reten-de-ciguenal-trasero-motores-1-2"},"modified":"2023-07-21T12:49:51","modified_gmt":"2023-07-21T17:49:51","slug":"reten-de-ciguenal-trasero-motores-1-2","status":"publish","type":"product","link":"https:\/\/orjuelamotors.com\/?product=reten-de-ciguenal-trasero-motores-1-2","title":{"rendered":"Ret\u00e9n de cig\u00fce\u00f1al trasero motores 1.2"},"content":{"rendered":"","protected":false},"excerpt":{"rendered":"","protected":false},"featured_media":3704,"comment_status":"open","ping_status":"closed","template":"","meta":{"neve_meta_sidebar":"","neve_meta_container":"","neve_meta_enable_content_width":"","neve_meta_content_width":0,"neve_meta_title_alignment":"","neve_meta_author_avatar":"","neve_post_elements_order":"","neve_meta_disable_header":"","neve_meta_disable_footer":"","neve_meta_disable_title":""},"product_cat":[15],"product_tag":[],"jetpack_sharing_enabled":true,"_links":{"self":[{"href":"https:\/\/orjuelamotors.com\/index.php?rest_route=\/wp\/v2\/product\/3705"}],"collection":[{"href":"https:\/\/orjuelamotors.com\/index.php?rest_route=\/wp\/v2\/product"}],"about":[{"href":"https:\/\/orjuelamotors.com\/index.php?rest_route=\/wp\/v2\/types\/product"}],"replies":[{"embeddable":true,"href":"https:\/\/orjuelamotors.com\/index.php?rest_route=%2Fwp%2Fv2%2Fcomments&post=3705"}],"wp:featuredmedia":[{"embeddable":true,"href":"https:\/\/orjuelamotors.com\/index.php?rest_route=\/wp\/v2\/media\/3704"}],"wp:attachment":[{"href":"https:\/\/orjuelamotors.com\/index.php?rest_route=%2Fwp%2Fv2%2Fmedia&parent=3705"}],"wp:term":[{"taxonomy":"product_cat","embeddable":true,"href":"https:\/\/orjuelamotors.com\/index.php?rest_route=%2Fwp%2Fv2%2Fproduct_cat&post=3705"},{"taxonomy":"product_tag","embeddable":true,"href":"https:\/\/orjuelamotors.com\/index.php?rest_route=%2Fwp%2Fv2%2Fproduct_tag&post=3705"}],"curies":[{"name":"wp","href":"https:\/\/api.w.org\/{rel}","templated":true}]}}

Retén de cigüeñal trasero motores 1.2
